 9. Give f(9).
9
Let j(o) = 5*o + 56. Calculate j(-10).
6
Let s(f) = f**3 + 4*f**2 - 6*f - 3. Calculate s(-5).
2
Let o(v) = v**3 - 2*v**2 - 5*v + 7. Calculate o(3).
1
Let n(u) = u**2 - 21*u + 48. Give n(18).
-6
Let n(h) = -h**3 - 3*h**2 + 30*h + 80. Calculate n(-6).
8
Let o(z) = z**2 + 5*z - 2. Calculate o(-5).
-2
Let h(c) = c**3 + 13*c**2 - 18*c + 6. What is h(-14)?
62
Let u(p) = -2*p**2 + 28*p - 90. Determine u(4).
-10
Let a(s) = 2*s**2 + 55*s - 81. Calculate a(-29).
6
Let j(t) = -t**3 + 5*t**2 - 7*t + 10. What is j(3)?
7
Let n(v) = -v**3 - 2*v**2 + 2*v + 4. Calculate n(-4).
28
Let o(n) = -2*n**2 + 32*n - 173. What is o(10)?
-53
Let n(o) = -o**3 + o**2 - o - 7. Determine n(0).
-7
Let n(o) = o**3 - 15*o**2 + 31*o + 41. Give n(12).
-19
Let i(y) = 8*y + 9. Give i(6).
57
Let q(c) = -2*c**3 + 3*c**2 - 7*c + 11. Give q(2).
-7
Let d(b) = -3*b**2 - 5*b + 1. What is d(0)?
1
Let q(i) = -i + 19. Calculate q(17).
2
Let i(p) = -3*p**3 + 5*p - 5. Calculate i(2).
-19
Let p(m) = -2*m - 35. Calculate p(-16).
-3
Let s(j) = j**3 - 4*j**2 - 5*j - 3. Calculate s(-3).
-51
Let p(j) = -6*j**2 - j - 4. Calculate p(-2).
-26
Let b(n) = 4*n**3 - 4*n**2 + 5*n - 1. Calculate b(2).
25
Let a(r) = r**3 + 22*r**2 + 39*r + 26. Give a(-20).
46
Let v(t) = 3*t + 71. Determine v(-22).
5
Let r(s) = -s**3 - 5*s**2 - 9*s - 15. What is r(-4)?
5
Let t(x) = x**3 - 12*x**2 + 14*x - 10. Give t(11).
23
Let j(q) = -q**3 - 18*q**2 - 31*q + 13. What is j(-16)?
-3
Let w(n) = n**3 + 20*n**2 + n - 9. Calculate w(-20).
-29
Let o(z) = -z**3 - 8*z**2 - 5*z + 13. Determine o(-7).
-1
Let x(m) = 9*m - 87. Calculate x(15).
48
Let t(l) = l**3 + 4*l**2 - 6*l + 9. Determine t(-4).
33
Let d(v) = 20*v**2 - 1. Calculate d(-1).
19
Let i(p) = p**3 - 10*p**2 + 10*p - 7. Determine i(9).
2
Let i(k) = -37*k - 2440. Give i(-66).
2
Let s(k) = 3*k + 46. Determine s(0).
46
Let l(b) = -b**2 + b - 60. Determine l(0).
-60
Let l(y) = -6*y + 68. What is l(16)?
-28
Let t(h) = h**2 - 3*h - 3. Give t(9).
51
Let w(g) = 4*g**2 - 3*g - 7. Determine w(7).
168
Let m(i) = -i**3 - 11*i**2 + i + 10. Give m(-11).
-1
Let u(d) = d**3 + 2*d**2 - 2*d - 4. Determine u(0).
-4
Let d(i) = -i**3 + 10*i**2 - 14*i + 2. Determine d(8).
18
Let d(v) = v**3 + 10*v**2 + 10*v + 3. Determine d(-9).
-6
Let q(c) = c**3 - 11*c**2 + 23*c. Give q(3).
-3
Let a(l) = l**3 - 30*l**2 + 56*l + 2. What is a(28)?
2
Let h(m) = 5*m + 17. What is h(-5)?
-8
Let b(q) = -2*q**3 + 33*q**2 - 19*q - 37. Determine b(16).
-85
Let b(d) = 9*d - 94. Determine b(10).
-4
Let j(u) = u**2 + 13*u. Calculate j(-13).
0
Let p(y) = y**2 + 14*y + 2. Give p(-15).
17
Let w(x) = 8*x - 3. Give w(-1).
-11
Let o(w) = w**2 + 8*w + 15. Give o(-6).
3
Let d(t) = -7*t - 6. Give d(-4).
22
Let j(q) = q**2 - 11*q + 21. Give j(8).
-3
Let y(w) = 2*w**2 + 5*w - 13. What is y(-4)?
-1
Let d(n) = -n**3 - n**2 + 3*n + 3. Give d(-1).
0
Let g(k) = 6*k + 19. Determine g(0).
19
Let q(c) = -c**3 + 5*c**2 - c + 3. Calculate q(5).
-2
Let p(v) = v**2 + 18*v - 28. Give p(-17).
-45
Let n(k) = -19*k - 7. Determine n(-1).
12
Let y(m) = -4*m + 2. Determine y(0).
2
Let f(y) = y**2 - 11*y - 9. Give f(12).
3
Let s(b) = -4*b - 21. Give s(11).
-65
Let c(h) = 2*h**2 + 64*h - 20. Give c(-32).
-20
Let p(w) = 2*w - 2. Determine p(3).
4
Let p(i) = -i**2 + 2*i + 22. What is p(6)?
-2
Let o(l) = -l**2 + 6*l - 10. Determine o(2).
-2
Let j(t) = -3*t**3 - 11*t**2 + 9*t + 3. Determine j(-4).
-17
Let n(f) = -5*f**2 + 223*f + 77. Give n(45).
-13
Let s(x) = -35*x + 3. What is s(2)?
-67
Let u(b) = 4*b**2 + 2*b. Determine u(-1).
2
Let t(y) = -5*y + 7. Determine t(-5).
32
Let w(g) = -21*g - 11. Give w(-3).
52
Let i(s) = 11*s + 500. Give i(-45).
5
Let s(w) = w**3 + 13*w**2 + 34*w + 1. Calculate s(-10).
-39
Let c(d) = -d**2 + 17*d + 3. Determine c(14).
45
Let b(v) = 20*v + 262. Give b(-13).
2
Let r(d) = -2*d**2 - 5*d - 6. Calculate r(-5).
-31
Let k(o) = -o + 7. What is k(-26)?
33
Let l(t) = t**3 + 2*t**2 + 6*t - 1. Determine l(-4).
-57
Let k(h) = h**2 - 15*h - 108. What is k(22)?
46
Let t(o) = 4*o + 56. What is t(-13)?
4
Let g(b) = b**3 + 11*b**2 + 22*b + 241. Calculate g(-11).
-1
Let c(z) = -10*z - 2. Give c(1).
-12
Let j(d) = -12*d - 534. What is j(-43)?
-18
Let w(n) = -n**2 - 18*n + 134. Determine w(-24).
-10
Let v(q) = 11*q + 69. What is v(-7)?
-8
Let t(a) = 3*a + 1. Give t(-3).
-8
Let t(w) = 13*w - 3. Determine t(2).
23
Let g(h) = h**3 + 11*h**2 + 21*h + 49. Calculate g(-9).
22
Let i(b) = 49*b - 62. What is i(6)?
232
Let b(i) = -i**3 - 3*i**2 + 3*i + 3. Calculate b(-4).
7
Let m(c) = -c**3 + 28*c**2 + 60*c + 4. Determine m(30).
4
Let o(w) = 8*w - 4. What is o(9)?
68
Let h(j) = 6*j - 8. What is h(6)?
28
Let m(j) = -45*j + 1069. Give m(24).
-11
Let n(i) = i**3 + 3*i**2 - 20*i - 15. Determine n(-6).
-3
Let z(j) = j**3 - 10*j**2 + 2*j + 11. What is z(10)?
31
Let x(d) = d**2 + d + 9. What is x(4)?
29
Let n(g) = -3*g - 2. Calculate n(6).
-20
Let r(i) = -47*i - 176. Determine r(-4).
12
Let z(d) = -d**2 + 12*d - 4. Calculate z(8).
28
Let i(h) = h**3 - 35*h**2 - 8*h + 284. What is i(35)?
4
Let s(t) = t**2 - 8*t - 23. Calculate s(10).
-3
Let d(q) = 48*q - 398. Give d(8).
-14
Let g(x) = 7*x - 42. Calculate g(11).
35
Let f(o) = o**2 - 6*o - 4. Give f(4).
-12
Let i(o) = o - 4. Determine i(1).
-3
Let a(w) = -w**3 + 3*w**2 + 4. Determine a(4).
-12
Let x(n) = 12*n**2 - n + 4. What is x(2)?
50
Let m(x) = -3*x + 30. What is m(12)?
-6
Let d(r) = -r - 7. Calculate d(-17).
10
Let u(o) = -13*o - 5. What is u(-2)?
21
Let b(t) = t + 10. Calculate b(6).
16
Let p(x) = 3*x - 18. What is p(2)?
-12
Let n(g) = g**2 - 12*g + 15. Determine n(10).
-5
Let s(o) = o**3 + 10*o**2 + 8*o - 5. Determine s(-9).
4
Let c(n) = n + 1. Determine c(17).
18
Let y(v) = -31*v**3 - v**2 + v - 1. Determine y(1).
-32
Let s(y) = y**3 - 17*y**2 - 19*y + 10. Calculate s(18).
-8
Let b(v) = -2*v**2 + 2*v + 18. Give b(0).
18
Let r(b) = -b**2 - 4*b + 12. What is r(-7)?
-9
Let k(v) = v**3 + 19*v**2 + 33*v + 1. Give k(-2).
3
Let y(m) = -2*m**2 - 18*m - 17. Give y(-9).
-17
Let g(y) = 9*y + 22. Give g(-3).
-5
Let b(d) = 8*d**2 + d + 1. Determine b(-1).
8
Let g(h) = h**2 - 23*h + 2. Calculate g(18).
-88
Let i(c) = 2*c**2 - 8*c + 8. Determine i(5).
18
Let o(m) = -69*m**2 - 4*m. Calculate o(-1).
-65
Let a(s) = -s**2 - 21*s - 19. Calculate a(-23).
-65
Let z(k) = -2*k - 8. Give z(-3).
-2
Let s(n) = -5*n + 4. Give s(2).
-6
Let n(i) = -i**3 + 9*i**2 + i - 7. Calculate n(9).
2
Let v(m) = -m**3 + 9*m**2 + 9*m - 8. Determine v(10).
-18
Let u(f) = -5*f + 66. What is u(13)?
1
Let q(g) = 2*g**2 + 9*g + 7. Give q(-5).
12
Let n(b) = b**2 - b + 4. What is n(3)?
10
Let p(v) = 34*v - 107. Give p(3).
-5
Let y(w) = -w**2 - 3*w + 4. Calculate y(4).
-24
Let z(q) = q - 14. What is z(15)?
1
Let z(g) = 33*g - 764. What is z(23)?
-5
Let b(s) = s**3 + 4*s**2 + 4*s + 5. Give b(-4).
-11
Let r(z) = 2*z**2 + 14*z - 21. Calculate r(-12).
99
Let y(c) = -7*c - 40. What is y(-5)?
-5
Let g(l) = l**3 + 7*l**2 - 8*l + 9. Determine g(-8).
9
Let s(y) = -14*y + 122. Calculate s(12).
-46
Let f(m) = -m**3 - 9*m**2 - 6*m + 13. Give f(-8).
-3
Let p(h) = -29*h - 360. Determine p(-12).
-12
Let l(c) = c**2 + 2*c + 9. What is l(0)?
9
Let m(n) = -n**3 + 19*n**2 - 51*n - 19. Determine m(16).
-67
Let j(l) = 2*l**2 + 21*l - 11. What is j(-12)?
25
Let i(z) = -4*z**2 + z + 10. Give i(3).
-23
Let g(m) = m**2 - m - 9. What is g(4)?
3
Let o(d) = 29*d + 293. Calculate o(-10).
3
Let p(b) = b**2 + 11*b - 21. Determine p(6).
81
Let u(o) = -4*o - 8. Calculate u(1).
-12
Let k(x) = x**2 - 23*x - 46. What is k(25)?
4
Let v(t) = 2*t - 12. Give v(9).
6
Let k(v) = -14*v**2 + 1. Calculate k(-1).
-13
Let z(n) = -136*n - 814. What is z(-6)?
2
Let l(h) = -h + 6. Calculate l(2).
4
Let l(s) = -s**3 + 17*s**2 + 13*s + 72. Determine l(18).
-18
Let n(b) = b**2 + 15*b + 8. Determine n(-8).
-48
Let p(n) = -n**3 + 8*n**2 + 9*n - 9. Give p(9).
-9
Let h(k) = -k**3 + 22*k**2 + 21*k + 43. Give h(23).
-3
Let a(g) = g**2 - 10*g - 29. Give a(18).
115
Let p(n) = n**3 + n**2 + n + 45. Give p(0).
45
Let u(x) = 12*x + 1. Give u(1).
13
Let h(o) = 4*o - 2. Determine h(-3).
-14
Let f(r) = -r + 10. Give f(3).
7
Let m(o) = 6*o**3 + 3*o**2 + 2*o. Give m(-2).
-40
Let n(p) = 2*p**3 + 26*p**2 + 16*p - 25. Give n(-12).
71
Let w(u) = -2*u**2 + 28*u - 10. Determine w(14).
-10
Let w(i) = -i**3 + 5*i**2